e factors of v.
41
Let y(h) = -h**2 - 15*h - 15. Let c be y(-16). Let l = 7 + c. List the prime factors of ((-6)/l)/(2/24).
3
Let w = 62 + -81. Let o = 35 + w. List the prime factors of o.
2
Suppose -4*l + 3*l + 20 = 0. Suppose -4*k + 8 = -l. What are the prime factors of k*(-4)/8*-6?
3, 7
Suppose 49*a = 37*a + 17892. List the prime factors of a.
3, 7, 71
Let c be (312/16)/((-1)/2). Let b = c - -52. What are the prime factors of b?
13
Suppose 1521*r - 4250 = 1516*r. List the prime factors of r.
2, 5, 17
Suppose -i + 29 = 3*l + l, -3*i + 31 = 5*l. Let g = l + -5. Suppose -3*p = -45 + g. What are the prime factors of p?
2, 7
Suppose -2 = -6*h + 4. Let x = 6 - h. Suppose 0 = -x*d - 5*t + 55, 4*t = 4*d - 8 - 28. List the prime factors of d.
2, 5
Let b(g) = g**2 - 11*g - 8. Suppose 5*p + 48 = 9*p. Let x be b(p). Suppose x*h - 31 = -3*o, -o - 8 = 3*h + 2*h. List the prime factors of o.
17
Let f(a) = -56*a + 754. What are the prime factors of f(0)?
2, 13, 29
Let u = -22 + 21. Let d be u + (-3 + 1 - -6). Suppose 36 = q - d*v - 19, -4*q + 4*v = -244. List the prime factors of q.
2
What are the prime factors of (1/3)/((-73)/(-881913))?
4027
Let j = 22 - -4. Let o = 18 + j. What are the prime factors of o?
2, 11
Let t(y) = 18*y**2 - 42*y + 36. What are the prime factors of t(-13)?
2, 3, 151
Suppose -2*s = -2*o - o + 1297, -4*o + 1731 = -3*s. List the prime factors of o.
3, 11, 13
Let u(a) be the second derivative of 0 - 1/6*a**3 + 2*a - 2*a**2. What are the prime factors of u(-9)?
5
Let x = 1237 - 387. List the prime factors of x.
2, 5, 17
Let b = 760 - 278. Let s = -285 + b. What are the prime factors of s?
197
Let d(v) = -v**2 + 5*v + 11. Let u be -3 + (-4 - -9) + 3. What are the prime factors of d(u)?
11
Suppose 3*y + 4*p - 18 = 0, -5*y = -3*p - 2*p + 5. List the prime factors of 4845/20 - (-2)/(-16)*y.
2, 11
Let r = 3444 + -2043. List the prime factors of r.
3, 467
Let o = -1619 + 2550. List the prime factors of o.
7, 19
List the prime factors of 500 + 6 + 8/(-4).
2, 3, 7
Suppose -10 = 22*j - 24*j. Suppose -j*c = -c. Suppose -5 = 2*m + 3*p, 5*m - p - 13 = -c*m. List the prime factors of m.
2
Let i be 24/10 + (-24)/60. Suppose 0 = -g - 1, 0*j + 3*g = -i*j + 5. Suppose -4*t - 136 - j = -4*u, 4*t = 0. List the prime factors of u.
5, 7
Let o be 300/(-15)*24/(-10). What are the prime factors of ((-80)/o)/((-2)/6)?
5
Let t(b) = 23*b**3 + 2*b**2 - b. Let u be t(1). Suppose 2 = 23*n - u*n. List the prime factors of ((-65)/20 - n)*-4.
5
Let t(u) = -90*u - 102. What are the prime factors of t(-11)?
2, 3, 37
Let s(b) = -b**3 - 11*b**2 - 10*b + 4. Let k = 16 - 26. Let o be s(k). Suppose -o*l = 4*i - 64, 3*l = 4*i - 2*i - 7. List the prime factors of i.
11
Suppose 0 = -15*z + 153 + 2187. What are the prime factors of z?
2, 3, 13
Suppose 0 = 5*r - r + 404. Let q = -65 - r. Suppose -x + 2*n = -6*x + 88, 3*n + q = 3*x. What are the prime factors of x?
2
Suppose 4*v - 6 = 26. Let q be 38/2*(v - 3). Let h = 145 - q. List the prime factors of h.
2, 5
Suppose -x + 2*w = 4*x - 223, 0 = -4*w - 16. Let r = x + -27. Let h = 9 + r. What are the prime factors of h?
5
Let c(u) = 18*u + 1. Let x be c(-1). Let f(y) be the second derivative of -y**4/12 - 3*y**3 - y**2 + 3*y + 23. What are the prime factors of f(x)?
3, 5
Let k(o) = -o**3 + o**2 - 2*o - 4. Let a be k(-3). Let r = a + -30. Suppose r*u = 3*u + 150. What are the prime factors of u?
2, 3, 5
Let h = 21 - 17. Suppose -h*u + 12 = -2*u. Suppose 141 - 3 = u*j. List the prime factors of j.
23
Suppose 114*m - 200 = 113*m. What are the prime factors of m?
2, 5
Let f = -23 - -10. Let t = 15 + f. What are the prime factors of (-4)/t*(1 + -15)?
2, 7
Let a = 16 + -14. Suppose k = 2*o + 90 - 240, -3*k - 154 = -a*o. Let i = o - 42. List the prime factors of i.
2
List the prime factors of 4173 + 3 + (-3)/(-6)*-4.
2, 2087
Suppose 0*g - 5*g + 12 = -2*q, 0 = 2*g - 2*q - 6. List the prime factors of 133/(-14)*-4*g.
2, 19
Let a = 13 - 12. List the prime factors of (5/(-2))/((-3)/84*a).
2, 5, 7
List the prime factors of 6405/175*(-390)/(-3).
2, 3, 13, 61
Let g = 1 - 7. Let j be (8/(-12))/(4/g). List the prime factors of j/((-4)/46)*-2.
23
List the prime factors of 541/(-3)*(-1 + -2).
541
Let z be (1/(-2)*4 - -2)/1. What are the prime factors of (282/(-9) - z)/(10/(-15))?
47
Suppose 2*j = -3*j + 25. Let k(p) = 31*p + 1. What are the prime factors of k(j)?
2, 3, 13
Let b = 689 - -785. What are the prime factors of b?
2, 11, 67
Suppose -9*d + 7*d - 160 = 0. List the prime factors of 33/(-4)*d/30.
2, 11
Let s = -160 - -109. Let j = s + 154. What are the prime factors of j?
103
Let y be (-2)/7 + 10/(-14). Let j be ((-60)/(-210))/(2/(-14)). List the prime factors of 2/j*y - -64.
5, 13
Suppose 17813 + 51811 = 36*h. List the prime factors of h.
2, 967
Suppose 0 = 1519*u - 1521*u + 2110. What are the prime factors of u?
5, 211
Suppose 2*t + 29 = 3*v, 0 = 2*t + 2*v + v + 47. Let o be 16/80 + t/(-5). Let a(s) = -s**3 + 8*s**2 - 4*s + 5. What are the prime factors of a(o)?
53
Suppose 3*b + 4 - 13 = 0. Suppose -b*r + 18 = -3*x, -3*x = -3*r - 8*x - 14. What are the prime factors of (6 - r)/(4/3)?
3
Let q(p) be the second derivative of p**4/4 - p**3/2 + 19*p**2/2 - 12*p. List the prime factors of q(6).
109
Let s(i) be the first derivative of i**3 - 3*i**2/2 - i + 5. What are the prime factors of s(4)?
5, 7
Suppose 375 = -2*g + 5*g. Suppose g = i + q, -3*q + 43 = -4*i + 578. Let b = i + -77. List the prime factors of b.
53
Let i(d) = 10*d**2 + 4*d + 6. Let p be i(5). Suppose 0 = 3*s + 5*t - 2*t - 210, 4*s + 5*t = p. List the prime factors of s.
2, 37
Let f(c) = 4*c + 38. Let k be f(-9). List the prime factors of (-11)/22*2*-17*k.
2, 17
Let c(i) = i**2 + 15*i + 16. Let g be c(-14). Let u(b) = 9*b**2 - 2 - 3*b**g + 15*b**2 + 2*b. List the prime factors of u(1).
3, 7
Suppose 8*a + 718 = 2478. What are the prime factors of a?
2, 5, 11
Suppose -2*b = 3*b + 5*q - 315, 5*b - 2*q = 280. Let z = b + -34. What are the prime factors of z?
2, 3
Let d = 17 - 14. Suppose -3*v + 3*t = -735, -d*v + 0*v - 4*t = -700. List the prime factors of v.
2, 3, 5
Let h = 1322 - -167. What are the prime factors of h?
1489
Let w be (2*-3)/((-24)/(-60)). Suppose q - 51 + 15 = 0. Let p = q + w. What are the prime factors of p?
3, 7
Suppose m - 461 = -3*z + 1081, -5*z + 3*m + 2556 = 0. What are the prime factors of z?
3, 19
Suppose -5*n + 18 + 972 = 0. Let z = -105 + n. List the prime factors of z.
3, 31
Let p = 69 + -71. Let o(n) = -7*n**3 + 4*n**2 + 4*n. List the prime factors of o(p).
2
Let k(a) = 97*a - 12. Let i be k(5). Suppose -5*y + 467 = -i. What are the prime factors of (-4)/10 + y/20?
3
Suppose -2*q = -2*h + 634, q = 4*h - 4*q - 1271. List the prime factors of h.
2, 157
Suppose p - 2018 = -3*o, o + 8007 = 104*p - 100*p. What are the prime factors of p?
2003
Suppose -43*o + 41*o = -2688. What are the prime factors of ((-21)/4)/((-63)/o)?
2, 7
What are the prime factors of -397*(-504)/52 - (-40)/260?
2, 13, 37
Suppose 2*m - g = 1780, 0 = -3*m - g - 3*g + 2670. List the prime factors of m.
2, 5, 89
Let k(s) = -s**2 + 9*s - 1. Let d be k(8). Let n = d + 116. List the prime factors of n.
3, 41
Let n = -75 - -53. Let m be ((-4)/10)/(n/55). What are the prime factors of 69*(m - 2/3)?
23
Let s(m) = 1 + 0*m - m**3 - 2*m - m**2 + 6*m + 4*m. List the prime factors of s(-5).
61
Suppose -3*m = -7*m + 20. Let g be (-2 + m)*(-6)/(-6). Suppose 0 = u - 13 + g. List the prime factors of u.
2, 5
Let m = 58 - 4. Suppose -y + 4*y = -2*r + 229, -5*r = y - 59. Let n = y - m. List the prime factors of n.
5
Suppose 2*b - 995 = -5*z, -2*z = b + 2*b - 1465. What are the prime factors of b?
5, 97
Suppose -4*b = -8 - 12. Suppose 563 = -4*l + b*d, -5*l + 3*d - 6*d = 713. List the prime factors of l/(-4) + (-3)/6.
5, 7
Let x = 263 + -36. List the prime factors of x.
227
Suppose 32*k - 31*k - 603 = 0. Suppose k = 5*l - 3*f, 4*l + f - 496 = -0*f. List the prime factors of l.
3, 41
Let h(u) = -u**2 - 29*u - 8. Suppose -p - 32 = 2*x + 3*p, -x - 7 = -p. List the prime factors of h(x).
2, 7, 13
Let a(t) be the third derivative of 0*t**5 + 0*t**3 + 1/24*t**4 + 0 + 3*t**2 + 0*t - 9/40*t**6. List the prime factors of a(-1).
2, 13
Let n(z) = 213*z - 193. List the prime factors of n(7).
2, 11, 59
Suppose -u = -3